is divided by 13.
10
What is the remainder when 7 is divided by 5?
2
Calculate the remainder when 6298 is divided by 2096.
10
Calculate the remainder when 366 is divided by 162.
42
What is the remainder when 162 is divided by 15?
12
Calculate the remainder when 393 is divided by 95.
13
What is the remainder when 826 is divided by 206?
2
What is the remainder when 62 is divided by 3?
2
Calculate the remainder when 18 is divided by 7.
4
What is the remainder when 134 is divided by 5?
4
What is the remainder when 3866 is divided by 44?
38
Calculate the remainder when 56 is divided by 48.
8
Calculate the remainder when 7499 is divided by 300.
299
Calculate the remainder when 100 is divided by 24.
4
Calculate the remainder when 10708 is divided by 6.
4
Calculate the remainder when 374 is divided by 97.
83
Calculate the remainder when 529 is divided by 45.
34
What is the remainder when 520 is divided by 58?
56
Calculate the remainder when 336 is divided by 54.
12
Calculate the remainder when 28 is divided by 28.
0
Calculate the remainder when 7546 is divided by 37.
35
Calculate the remainder when 122 is divided by 32.
26
What is the remainder when 70 is divided by 19?
13
Calculate the remainder when 2039 is divided by 34.
33
Calculate the remainder when 57 is divided by 12.
9
Calculate the remainder when 491 is divided by 99.
95
Calculate the remainder when 47604 is divided by 11.
7
Calculate the remainder when 154 is divided by 46.
16
What is the remainder when 8612 is divided by 27?
26
Calculate the remainder when 327 is divided by 47.
45
Calculate the remainder when 29 is divided by 18.
11
Calculate the remainder when 60 is divided by 13.
8
Calculate the remainder when 3301 is divided by 9.
7
Calculate the remainder when 137 is divided by 61.
15
Calculate the remainder when 459 is divided by 52.
43
What is the remainder when 147 is divided by 74?
73
Calculate the remainder when 720 is divided by 32.
16
Calculate the remainder when 549 is divided by 46.
43
What is the remainder when 66 is divided by 4?
2
Calculate the remainder when 444 is divided by 64.
60
What is the remainder when 1388 is divided by 497?
394
What is the remainder when 350 is divided by 113?
11
Calculate the remainder when 171 is divided by 48.
27
What is the remainder when 134 is divided by 6?
2
What is the remainder when 572 is divided by 14?
12
What is the remainder when 147 is divided by 37?
36
Calculate the remainder when 281 is divided by 104.
73
What is the remainder when 471 is divided by 28?
23
Calculate the remainder when 312 is divided by 166.
146
What is the remainder when 680 is divided by 42?
8
What is the remainder when 16502 is divided by 63?
59
Calculate the remainder when 304 is divided by 71.
20
Calculate the remainder when 72 is divided by 13.
7
What is the remainder when 135 is divided by 12?
3
What is the remainder when 2334 is divided by 26?
20
What is the remainder when 695 is divided by 87?
86
Calculate the remainder when 1581 is divided by 99.
96
Calculate the remainder when 1869 is divided by 144.
141
What is the remainder when 93 is divided by 27?
12
What is the remainder when 148 is divided by 10?
8
What is the remainder when 693 is divided by 87?
84
Calculate the remainder when 54 is divided by 9.
0
What is the remainder when 56 is divided by 25?
6
What is the remainder when 2823 is divided by 16?
7
What is the remainder when 591 is divided by 26?
19
What is the remainder when 4743 is divided by 73?
71
What is the remainder when 268 is divided by 24?
4
Calculate the remainder when 6193 is divided by 2.
1
What is the remainder when 444 is divided by 55?
4
What is the remainder when 767 is divided by 192?
191
Calculate the remainder when 210 is divided by 3.
0
Calculate the remainder when 240 is divided by 27.
24
What is the remainder when 1856 is divided by 36?
20
Calculate the remainder when 422 is divided by 37.
15
Calculate the remainder when 89 is divided by 28.
5
What is the remainder when 143 is divided by 49?
45
What is the remainder when 371 is divided by 173?
25
Calculate the remainder when 4813 is divided by 344.
341
Calculate the remainder when 242 is divided by 62.
56
Calculate the remainder when 227 is divided by 38.
37
Calculate the remainder when 73 is divided by 21.
10
Calculate the remainder when 177 is divided by 55.
12
Calculate the remainder when 768 is divided by 339.
90
What is the remainder when 349 is divided by 80?
29
What is the remainder when 471 is divided by 157?
0
Calculate the remainder when 7987 is divided by 49.
0
What is the remainder when 187 is divided by 21?
19
What is the remainder when 30462 is divided by 119?
117
What is the remainder when 103 is divided by 18?
13
Calculate the remainder when 30 is divided by 3.
0
Calculate the remainder when 580 is divided by 71.
12
What is the remainder when 132 is divided by 91?
41
Calculate the remainder when 160 is divided by 111.
49
Calculate the remainder when 48919 is divided by 10.
9
Calculate the remainder when 153 is divided by 6.
3
Calculate the remainder when 285 is divided by 56.
5
What is the remainder when 864 is divided by 125?
114
What is the remainder when 444 is divided by 10?
4
Calculate the remainder when 318 is divided by 23.
19
What is the remainder when 2462 is divided by 112?
110
Calculate the remainder when 28 is divided by 15.
13
What is the remainder when 34 is divided by 15?
4
Calculate the remainder when 2659 is divided by 37.
32
Calculate the remainder when 6453 is divided by 154.
139
Calculate the remainder when 219 is divided by 41.
14
What is the remainder when 397 is divided by 82?
69
What is the remainder when 821 is divided by 245?
86
Calculate the remainder when 215 is divided by 71.
2
Calculate the remainder when 65 is divided by 40.
25
Calculate the remainder when 3124 is divided by 115.
19
Calculate the remainder when 441 is divided by 205.
31
What is the remainder when 272 is divided by 25?
22
What is the remainder when 28725 is divided by 72?
69
What is the remainder when 6598 is divided by 93?
88
What is the remainder when 945 is divided by 7?
0
Calculate the remainder when 233 is divided by 128.
105
What is the remainder when 106 is divided by 74?
32
Calculate the remainder when 32 is divided by 15.
2
Calculate the remainder when 319 is divided by 67.
51
Calculate the remainder when 546 is divided by 25.
21
Calculate the remainder when 208 is divided by 34.
4
Calculate the remainder when 132 is divided by 22.
0
What is the remainder when 445 is divided by 45?
40
What is the remainder when 140 is divided by 13?
10
Calculate the remainder when 414 is divided by 47.
38
What is the remainder when 302 is divided by 94?
20
Calculate the remainder when 167 is divided by 4.
3
What is the remainder when 375 is divided by 18?
15
Calculate the remainder when 504 is divided by 11.
9
What is the remainder when 1182 is divided by 99?
93
Calculate the remainder when 418 is divided by 209.
0
Calculate the remainder when 112 is divided by 45.
22
Calculate the remainder when 49647 is divided by 232.
231
What is the remainder when 1070 is divided by 25?
20
Calculate the remainder when 878 is divided by 40.
38
What is the remainder when 1392 is divided by 159?
120
Calculate the remainder when 32 is divided by 7.
4
What is the remainder when 4147 is divided by 103?
27
What is the remainder when 65 is divided by 36?
29
What is the remainder when 613 is divided by 112?
53
What is the remainder when 603 is divided by 78?
57
What is the remainder when 415 is divided by 36?
19
Calculate the remainder when 158 is divided by 58.
42
What is the remainder when 1950 is divided by 613?
111
What is the remainder when 361 is divided by 1?
0
Calculate the remainder when 247 is divided by 95.
57
Calculate the remainder when 283 is divided by 45.
13
Calculate the remainder when 176 is divided by 128.
48
What is the remainder when 108 is divided by 21?
3
What is the remainder when 25295 is divided by 139?
136
What is the remainder when 192 is divided by 13?
10
What is the remainder when 238 is divided by 12?
10
Calculate the remainder when 132 is divided by 23.
17
What is the remainder when 248 is divided by 83?
82
What is the remainder when 755 is divided by 21?
2